{"id":10,"date":"2013-10-31T16:36:24","date_gmt":"2013-10-31T15:36:24","guid":{"rendered":"http:\/\/sedepac.fr\/?page_id=10"},"modified":"2024-09-09T14:43:20","modified_gmt":"2024-09-09T13:43:20","slug":"accueil","status":"publish","type":"page","link":"https:\/\/sedepac.fr\/","title":{"rendered":"SEDEPAC, Sp\u00e9cialiste de votre confort."},"content":{"rendered":"<blockquote>\n<p>Service Entretien, D\u00e9pannage, maintenance,\u00a0Diagnostic\u00a0 Pompes \u00e0 chaleur, PAC, A\u00e9rothermie, G\u00e9othermie et Climatiseur sur Paris, Ile de France et\u00a0 r\u00e9gion Parisienne. SEDEPAC sp\u00e9cialiste de la pompe\u00a0\u00e0 chaleur et de votre confort.<\/p>\n<\/blockquote>\n<p style=\"text-align: left;\"><img loading=\"lazy\" class=\"aligncenter wp-image-62 size-full\" src=\"http:\/\/sedepac.fr\/wp-content\/uploads\/2024\/09\/carte-de-visite-1.jpg\" alt=\"\" width=\"960\" height=\"678\" srcset=\"https:\/\/sedepac.fr\/wp-content\/uploads\/2024\/09\/carte-de-visite-1.jpg 960w, https:\/\/sedepac.fr\/wp-content\/uploads\/2024\/09\/carte-de-visite-1-300x212.jpg 300w, https:\/\/sedepac.fr\/wp-content\/uploads\/2024\/09\/carte-de-visite-1-768x542.jpg 768w\" sizes=\"(max-width: 960px) 100vw, 960px\" \/><\/p>\n\n\n<p><\/p>\n","protected":false},"excerpt":{"rendered":"<p>Service Entretien, D\u00e9pannage, maintenance,\u00a0Diagnostic\u00a0 Pompes \u00e0 chaleur, PAC, A\u00e9rothermie, G\u00e9othermie et Climatiseur sur Paris, Ile de France et\u00a0 r\u00e9gion Parisienne. SEDEPAC sp\u00e9cialiste de la pompe\u00a0\u00e0 chaleur et de votre confort.<\/p>\n","protected":false},"author":1,"featured_media":0,"parent":0,"menu_order":0,"comment_status":"closed","ping_status":"open","template":"","meta":{"_mi_skip_tracking":false},"_links":{"self":[{"href":"https:\/\/sedepac.fr\/index.php?rest_route=\/wp\/v2\/pages\/10"}],"collection":[{"href":"https:\/\/sedepac.fr\/index.php?rest_route=\/wp\/v2\/pages"}],"about":[{"href":"https:\/\/sedepac.fr\/index.php?rest_route=\/wp\/v2\/types\/page"}],"author":[{"embeddable":true,"href":"https:\/\/sedepac.fr\/index.php?rest_route=\/wp\/v2\/users\/1"}],"replies":[{"embeddable":true,"href":"https:\/\/sedepac.fr\/index.php?rest_route=%2Fwp%2Fv2%2Fcomments&post=10"}],"version-history":[{"count":16,"href":"https:\/\/sedepac.fr\/index.php?rest_route=\/wp\/v2\/pages\/10\/revisions"}],"predecessor-version":[{"id":64,"href":"https:\/\/sedepac.fr\/index.php?rest_route=\/wp\/v2\/pages\/10\/revisions\/64"}],"wp:attachment":[{"href":"https:\/\/sedepac.fr\/index.php?rest_route=%2Fwp%2Fv2%2Fmedia&parent=10"}],"curies":[{"name":"wp","href":"https:\/\/api.w.org\/{rel}","templated":true}]}}

SEDEPAC, Spécialiste de votre confort.

<blockquote>
<p>Service Entretien, Dépannage, maintenance, Diagnostic  Pompes à chaleur, PAC, Aérothermie, Géothermie et Climatiseur sur Paris, Ile de France et  région Parisienne. SEDEPAC spécialiste de la pompe à chaleur et de votre confort.</p>
</blockquote>
<p style="text-align: left;"><img loading="lazy" class="aligncenter wp-image-62 size-full" src="http://sedepac.fr/wp-content/uploads/2024/09/carte-de-visite-1.jpg" alt="" width="960" height="678" srcset="https://sedepac.fr/wp-content/uploads/2024/09/carte-de-visite-1.jpg 960w, https://sedepac.fr/wp-content/uploads/2024/09/carte-de-visite-1-300x212.jpg 300w, https://sedepac.fr/wp-content/uploads/2024/09/carte-de-visite-1-768x542.jpg 768w" sizes="(max-width: 960px) 100vw, 960px" /></p>


<p></p>

<p>Service Entretien, Dépannage, maintenance, Diagnostic  Pompes à chaleur, PAC, Aérothermie, Géothermie et Climatiseur sur Paris, Ile de France et  région Parisienne. SEDEPAC spécialiste de la pompe à chaleur et de votre confort.</p>
